ide 411841014?
True
Is 9 a factor of 323781334?
False
Does 165 divide 249785341?
False
Is 18 a factor of 27507247?
False
Is 1392 a factor of 1577653459?
False
Is 19496358 a multiple of 18?
True
Is 95355103 a multiple of 29?
True
Is 4466036268 a multiple of 36?
True
Is 2854433 a multiple of 5?
False
Does 5 divide 288996925?
True
Is 1843445646 a multiple of 7?
True
Is 8268484 a multiple of 25?
False
Is 27 a factor of 208553832?
True
Is 27260755 a multiple of 44?
False
Does 10 divide 11091490?
True
Is 4 a factor of 79679024?
True
Is 2830 a factor of 335713849?
False
Does 15 divide 5536290?
True
Is 5976284151 a multiple of 162?
False
Is 1268991130 a multiple of 565?
True
Is 51285396 a multiple of 59?
True
Does 6 divide 130122?
True
Does 186 divide 27910044?
True
Is 701061005 a multiple of 18?
False
Is 528529770 a multiple of 258?
True
Is 153 a factor of 830246159?
False
Is 501290056 a multiple of 20?
False
Does 32 divide 20977408?
True
Does 1130 divide 101416354?
False
Is 499370720 a multiple of 8?
True
Is 930 a factor of 41106930?
True
Does 5 divide 71156138?
False
Does 1139 divide 2317512270?
False
Is 21596033 a multiple of 205?
False
Does 97 divide 16212403?
False
Is 27 a factor of 37509336?
False
Is 12743677 a multiple of 7?
False
Is 398369029 a multiple of 2967?
False
Is 381 a factor of 269553690?
True
Is 71 a factor of 28903371?
False
Is 23 a factor of 265037789?
False
Does 238 divide 325115157?
False
Does 8 divide 11154110?
False
Is 459 a factor of 1447567010?
False
Does 85 divide 1748110?
True
Is 9 a factor of 100977399?
True
Is 740 a factor of 23072398?
False
Is 56417452 a multiple of 74?
True
Is 2757 a factor of 702064536?
True
Is 141078078 a multiple of 3249?
True
Is 30646585 a multiple of 6?
False
Is 551 a factor of 748536255?
True
Is 957 a factor of 35693351?
False
Does 17 divide 1889200680?
False
Is 50076 a multiple of 52?
True
Is 45 a factor of 4164525?
True
Does 15 divide 1005326565?
True
Does 306 divide 446924733?
False
Is 3165 a factor of 91332405?
True
Is 900324720 a multiple of 464?
True
Is 48 a factor of 27461280?
True
Does 169 divide 239270707?
True
Does 49 divide 761578083?
False
Does 29 divide 374850810?
True
Is 16026660 a multiple of 52?
True
Is 50 a factor of 242369100?
True
Is 141196384 a multiple of 101?
True
Is 2598948 a multiple of 33?
True
Is 113211540 a multiple of 2340?
True
Is 3272 a factor of 52747912?
True
Does 24 divide 46972734?
False
Does 236 divide 3006653?
False
Is 1157112054 a multiple of 1134?
True
Does 21 divide 152138873?
False
Does 17 divide 254545591?
False
Is 140856003 a multiple of 999?
True
Is 36012093 a multiple of 65?
False
Is 29220072 a multiple of 1656?
False
Is 1226 a factor of 51523876?
True
Does 493 divide 434235794?
False
Is 364421948 a multiple of 3?
False
Does 30 divide 1726645196?
False
Does 23 divide 150211042?
False
Does 115 divide 80149825?
True
Does 134 divide 32046546?
False
Is 871555 even?
False
Is 10654609 a multiple of 2?
False
Does 62 divide 89472014?
True
Is 69 a factor of 21862512?
True
Does 1999 divide 28091947?
True
Is 26129104 a multiple of 703?
True
Does 3805 divide 466012598?
False
Is 601827720 a multiple of 795?
True
Is 140 a factor of 72856980?
True
Does 130 divide 247073205?
False
Is 968662421 a multiple of 7?
False
Is 1037760063 a multiple of 44?
False
Does 37 divide 674954851?
True
Is 310219565 a multiple of 248?
False
Does 27 divide 103645305?
True
Is 84 a factor of 152470752?
True
Is 97332300 a multiple of 675?
True
Is 2159117 a multiple of 242?
False
Is 476334586 a multiple of 1274?
True
Is 456235804 a multiple of 4?
True
Is 3436 a factor of 2683673476?
False
Is 32 a factor of 437875936?
True
Is 768985416 a multiple of 137?
False
Does 3 divide 1332933?
True
Does 3 divide 24605606?
False
Does 11 divide 1743016968?
True
Is 86 a factor of 67364746?
True
Is 2 a factor of 56392917?
False
Is 5571207 a multiple of 155?
False
Does 1733 divide 142109466?
True
Is 39 a factor of 1682235808?
False
Is 122 a factor of 41533757?
False
Does 112 divide 6515182?
False
Is 7767285 a multiple of 38?
False
Is 522552089 a multiple of 68?
False
Is 746290604 a multiple of 7445?
False
Is 1221338160 a multiple of 1008?
True
Is 1644796750 a multiple of 19?
True
Does 9 divide 14014397?
False
Is 43 a factor of 51204278?
False
Is 12 a factor of 4279128?
True
Is 143358375 a multiple of 6625?
True
Is 18487522 a multiple of 4?
False
Is 7856 a factor of 4911767982?
False
Is 2446849405 a multiple of 6697?
True
Is 333374603 a multiple of 59?
True
Is 11 a factor of 5625954?
False
Does 59 divide 279274899?
False
Is 62947435 a multiple of 115?
True
Is 358172585 a multiple of 215?
True
Is 2098919297 a multiple of 14?
False
Does 1585 divide 197647915?
True
Does 3 divide 352430855?
False
Is 3 a factor of 241690307?
False
Does 11 divide 475883265?
True
Is 95938836 a multiple of 14?
True
Is 231 a factor of 1723029?
True
Is 7080 a factor of 705613193?
False
Is 7 a factor of 4549107?
False
Is 506 a factor of 27523870?
True
Is 133805151 a multiple of 3?
True
Is 732929113 a multiple of 79?
False
Is 105 a factor of 1118507257?
False
Is 57702508 a multiple of 167?
True
Is 51 a factor of 156510228?
True
Does 408 divide 1935552?
True
Is 51 a factor of 39381154?
False
Is 28891706 a multiple of 3102?
False
Does 93 divide 360998599?
False
Is 209182282 a multiple of 50?
False
Is 3868036073 a multiple of 376?
False
Is 2124 a factor of 27275269?
False
Is 406127205 a multiple of 33?
True
Is 217 a factor of 76921292?
True
Does 5283 divide 306213246?
True
Is 1667314044 a multiple of 1188?
True
Does 62 divide 44053356?
True
Is 10 a factor of 69067173?
False
Is 68 a factor of 121884152?
True
Is 201225016 a multiple of 151?
True
Is 6441941 a multiple of 69?
False
Is 10 a factor of 1026614290?
True
Is 11 a factor of 1404613188?
True
Is 318142445 a multiple of 69?
False
Is 2284 a factor of 2632921976?
False
Is 1393 a factor of 153253681?
True
Does 36 divide 79477524?
True
Is 1906245318 a multiple of 6?
True
Does 2142 divide 557437879?
False
Does 545 divide 35644090?
True
Does 285 divide 54268738?
False
Is 5448 a factor of 66423460?
False
Is 1873193440 a multiple of 80?
True
Is 1062178 a multiple of 60?
False
Does 2446 divide 5684504?
True
Is 54107760 a multiple of 2140?
True
Does 543 divide 14517105?
True
Does 35 divide 191617020?
True
Is 58 a factor of 338932873?
False
Does 16 divide 618510941?
False
Is 1914149215 a multiple of 5885?
True
Does 8 divide 140626944?
True
Is 36488144 a multiple of 98?
True
Is 789081111 a multiple of 1183?
True
Does 22 divide 2338550503?
False
Is 347 a factor of 4494980745?
True
Does 386 divide 250276082?
False
Is 5 a factor of 164885926?
False
Does 7560 divide 3128432675?
False
Is 1154 a factor of 17687358?
True
Is 12 a factor of 438746?
False
Is 21 a factor of 53426753?
False
Does 1970 divide 155748200?
True
Is 6 a factor of 560379108?
True
Does 45 divide 42006686?
False
Is 11 a factor of 507089?
True
Does 223 divide 65700044?
False
Is 8362075 a multiple of 43?
False
Is 29 a factor of 607741404?
False
Is 16 a factor of 477813886?
False
Does 31 divide 601826009?
False
Does 908 divide 18253524?
True
Does 1394 divide 41182942?
True
Is 46788219 a multiple of 27?
True
Is 4 a factor of 836910960?
True
Is 100 a factor of 30895500?
True
Is 104 a factor of 88628509?
False
Is 20836200 a multiple of 600?
True
Does 7 divide 18282600?
True
Is 3603645 a multiple of 73?
True
Is 15 a factor of 1387612348?
False
Is 2000836 a multiple of 4?
True
Does 25 divide 731451275?
True
Is 1509823 a multiple of 165?
False
Is 407166504 a multiple of 38?
True
Is 21171762 a multiple of 81?
False
Is 225700362 a multiple of 20?
False
Is 925 a factor of 96327650?
True
Does 300 divide 261669262?
False
Is 459104300 a multiple of 2526?
False
Is 445197599 a multiple of 1920?
False
Does 10 divide 76918810?
True
Does 436 divide 110830764?
True
Does 141 divide 52727357?
False
Does 6 divide 44839392?
True
Does 367 divide 9329874?
True
Is 25 a factor of 61147116?
False
Does 5528 divide 373090248?
True
Is 483593 a multiple of 11?
True
Does 160 divide 2058228641?
False
Is 206 a factor of 29727036?
True
Is 159079886 a multiple of 54?
False
Is 235 a factor of 11619575?
True
Is 27 a factor of 1487267195?
False
Is 89 a factor of 2737857617?
F